{"id":1165,"date":"2022-07-25T14:49:59","date_gmt":"2022-07-25T17:49:59","guid":{"rendered":"https:\/\/marcelosegreto.com.br\/filarmonicadepasargada\/?post_type=product&#038;p=1165"},"modified":"2025-02-26T17:42:21","modified_gmt":"2025-02-26T20:42:21","slug":"radio-lixao","status":"publish","type":"product","link":"https:\/\/marcelosegreto.com.br\/filarmonicadepasargada\/loja\/produto\/radio-lixao\/","title":{"rendered":"R\u00e1dio Lix\u00e3o"},"content":{"rendered":"<p><span data-sheets-value=\"{&quot;1&quot;:2,&quot;2&quot;:&quot;\\&quot;R\u00e1dio Lix\u00e3o\\&quot; \u00e9 o segundo \u00e1lbum da Filarm\u00f4nica de Pas\u00e1rgada. Lan\u00e7ado pelo selo Coaxo do Sapo de Guilherme Arantes, conta com produ\u00e7\u00e3o musical de Al\u00ea Siqueira, projeto gr\u00e1fico de Guto Lacaz e participa\u00e7\u00f5es especiais de Tom Z\u00e9, Guilherme Arantes, Kassin e Tat\u00e1 Aeroplano. \\n\\nFICHA T\u00c9CNICA\\n\\nProdu\u00e7\u00e3o musical: Al\u00ea Siqueira\\nArranjos: Marcelo Segreto (exceto faixa 10: S\u00e9rgio Abdalla e Marcelo Segreto; faixa 11: Marcelo Segreto e S\u00e9rgio Abdalla; faixa 12: Al\u00ea Siqueira, Fernando Henna, Marcelo Segreto e S\u00e9rgio Abdalla)\\nPrepara\u00e7\u00e3o vocal e edi\u00e7\u00e3o de voz: Wagner Barbosa\\nGrava\u00e7\u00e3o: Al\u00ea Siqueira, Pedro Arantes e Gabriel Martini no Est\u00fadio Coaxo do Sapo\\nEdi\u00e7\u00e3o: Pedro Arantes e Gabriel Martini no Est\u00fadio Coaxo do Sapo\\nMixagem: Yuri Kalil no Totem Est\u00fadio\\nAssist\u00eancia de mixagem: Pepeu\u00a0no Totem Est\u00fadio\\nMasteriza\u00e7\u00e3o: Carlos Freitas no Est\u00fadio Classic Master\\nProjeto gr\u00e1fico: Guto Lacaz\\nFotografias e produ\u00e7\u00e3o gr\u00e1fica: Edson Kumasaka\\nMontagem com capas de LP\u2019s (p\u00e1gina 1): In\u00eas Bonduki e Marcelo Segreto \\nMontagem com retratos dos integrantes (p\u00e1gina 19): In\u00eas Bonduki e Marcelo Segreto \\nMontagem com retratos dos integrantes (p\u00e1gina 24): Isabel Ruas\\nProdu\u00e7\u00e3o executiva: Giramundo Consultoria Cultural \\nLan\u00e7amento: Selo Coaxo do Sapo\\n\\nGravado no Est\u00fadio Coaxo do Sapo, Cama\u00e7ari \u2013 BA, entre 9 e 22 de janeiro de 2014\\n&quot;}\" data-sheets-userformat=\"{&quot;2&quot;:15293,&quot;3&quot;:{&quot;1&quot;:0},&quot;5&quot;:{&quot;1&quot;:[{&quot;1&quot;:2,&quot;2&quot;:0,&quot;5&quot;:{&quot;1&quot;:2,&quot;2&quot;:0}},{&quot;1&quot;:0,&quot;2&quot;:0,&quot;3&quot;:3},{&quot;1&quot;:1,&quot;2&quot;:0,&quot;4&quot;:1}]},&quot;6&quot;:{&quot;1&quot;:[{&quot;1&quot;:2,&quot;2&quot;:0,&quot;5&quot;:{&quot;1&quot;:2,&quot;2&quot;:0}},{&quot;1&quot;:0,&quot;2&quot;:0,&quot;3&quot;:3},{&quot;1&quot;:1,&quot;2&quot;:0,&quot;4&quot;:1}]},&quot;7&quot;:{&quot;1&quot;:[{&quot;1&quot;:2,&quot;2&quot;:0,&quot;5&quot;:{&quot;1&quot;:2,&quot;2&quot;:0}},{&quot;1&quot;:0,&quot;2&quot;:0,&quot;3&quot;:3},{&quot;1&quot;:1,&quot;2&quot;:0,&quot;4&quot;:1}]},&quot;8&quot;:{&quot;1&quot;:[{&quot;1&quot;:2,&quot;2&quot;:0,&quot;5&quot;:{&quot;1&quot;:2,&quot;2&quot;:0}},{&quot;1&quot;:0,&quot;2&quot;:0,&quot;3&quot;:3},{&quot;1&quot;:1,&quot;2&quot;:0,&quot;4&quot;:1}]},&quot;10&quot;:1,&quot;11&quot;:4,&quot;12&quot;:0,&quot;14&quot;:{&quot;1&quot;:2,&quot;2&quot;:0},&quot;15&quot;:&quot;\\&quot;Helvetica Neue\\&quot;&quot;,&quot;16&quot;:8}\">FICHA T\u00c9CNICA<\/span><\/p>\n<p>Produ\u00e7\u00e3o musical: Al\u00ea Siqueira<br \/>\nArranjos: Marcelo Segreto (exceto faixa 10: S\u00e9rgio Abdalla e Marcelo Segreto; faixa 11: Marcelo Segreto e S\u00e9rgio Abdalla; faixa 12: Al\u00ea Siqueira, Fernando Henna, Marcelo Segreto e S\u00e9rgio Abdalla)<br \/>\nPrepara\u00e7\u00e3o vocal e edi\u00e7\u00e3o de voz: Wagner Barbosa<br \/>\nGrava\u00e7\u00e3o: Al\u00ea Siqueira, Pedro Arantes e Gabriel Martini no Est\u00fadio Coaxo do Sapo<br \/>\nEdi\u00e7\u00e3o: Pedro Arantes e Gabriel Martini no Est\u00fadio Coaxo do Sapo<br \/>\nMixagem: Yuri Kalil no Totem Est\u00fadio<br \/>\nAssist\u00eancia de mixagem: Pepeu\u00a0no Totem Est\u00fadio<br \/>\nMasteriza\u00e7\u00e3o: Carlos Freitas no Est\u00fadio Classic Master<br \/>\nProjeto gr\u00e1fico: Guto Lacaz<br \/>\nFotografias e produ\u00e7\u00e3o gr\u00e1fica: Edson Kumasaka<br \/>\nMontagem com capas de LP\u2019s (p\u00e1gina 1): In\u00eas Bonduki e Marcelo Segreto<br \/>\nMontagem com retratos dos integrantes (p\u00e1gina 19): In\u00eas Bonduki e Marcelo Segreto<br \/>\nMontagem com retratos dos integrantes (p\u00e1gina 24): Isabel Ruas<br \/>\nProdu\u00e7\u00e3o executiva: Giramundo Consultoria Cultural<br \/>\nLan\u00e7amento: Selo Coaxo do Sapo<\/p>\n<p>Gravado no Est\u00fadio Coaxo do Sapo, Cama\u00e7ari \u2013 BA, entre 9 e 22 de janeiro de 2014<\/p>\n","protected":false},"excerpt":{"rendered":"<p><span data-sheets-value=\"{&quot;1&quot;:2,&quot;2&quot;:&quot;\\&quot;R\u00e1dio Lix\u00e3o\\&quot; \u00e9 o segundo \u00e1lbum da Filarm\u00f4nica de Pas\u00e1rgada. Lan\u00e7ado pelo selo Coaxo do Sapo de Guilherme Arantes, conta com produ\u00e7\u00e3o musical de Al\u00ea Siqueira, projeto gr\u00e1fico de Guto Lacaz e participa\u00e7\u00f5es especiais de Tom Z\u00e9, Guilherme Arantes, Kassin e Tat\u00e1 Aeroplano. \\n\\nFICHA T\u00c9CNICA\\n\\nProdu\u00e7\u00e3o musical: Al\u00ea Siqueira\\nArranjos: Marcelo Segreto (exceto faixa 10: S\u00e9rgio Abdalla e Marcelo Segreto; faixa 11: Marcelo Segreto e S\u00e9rgio Abdalla; faixa 12: Al\u00ea Siqueira, Fernando Henna, Marcelo Segreto e S\u00e9rgio Abdalla)\\nPrepara\u00e7\u00e3o vocal e edi\u00e7\u00e3o de voz: Wagner Barbosa\\nGrava\u00e7\u00e3o: Al\u00ea Siqueira, Pedro Arantes e Gabriel Martini no Est\u00fadio Coaxo do Sapo\\nEdi\u00e7\u00e3o: Pedro Arantes e Gabriel Martini no Est\u00fadio Coaxo do Sapo\\nMixagem: Yuri Kalil no Totem Est\u00fadio\\nAssist\u00eancia de mixagem: Pepeu\u00a0no Totem Est\u00fadio\\nMasteriza\u00e7\u00e3o: Carlos Freitas no Est\u00fadio Classic Master\\nProjeto gr\u00e1fico: Guto Lacaz\\nFotografias e produ\u00e7\u00e3o gr\u00e1fica: Edson Kumasaka\\nMontagem com capas de LP\u2019s (p\u00e1gina 1): In\u00eas Bonduki e Marcelo Segreto \\nMontagem com retratos dos integrantes (p\u00e1gina 19): In\u00eas Bonduki e Marcelo Segreto \\nMontagem com retratos dos integrantes (p\u00e1gina 24): Isabel Ruas\\nProdu\u00e7\u00e3o executiva: Giramundo Consultoria Cultural \\nLan\u00e7amento: Selo Coaxo do Sapo\\n\\nGravado no Est\u00fadio Coaxo do Sapo, Cama\u00e7ari \u2013 BA, entre 9 e 22 de janeiro de 2014\\n&quot;}\" data-sheets-userformat=\"{&quot;2&quot;:15293,&quot;3&quot;:{&quot;1&quot;:0},&quot;5&quot;:{&quot;1&quot;:[{&quot;1&quot;:2,&quot;2&quot;:0,&quot;5&quot;:{&quot;1&quot;:2,&quot;2&quot;:0}},{&quot;1&quot;:0,&quot;2&quot;:0,&quot;3&quot;:3},{&quot;1&quot;:1,&quot;2&quot;:0,&quot;4&quot;:1}]},&quot;6&quot;:{&quot;1&quot;:[{&quot;1&quot;:2,&quot;2&quot;:0,&quot;5&quot;:{&quot;1&quot;:2,&quot;2&quot;:0}},{&quot;1&quot;:0,&quot;2&quot;:0,&quot;3&quot;:3},{&quot;1&quot;:1,&quot;2&quot;:0,&quot;4&quot;:1}]},&quot;7&quot;:{&quot;1&quot;:[{&quot;1&quot;:2,&quot;2&quot;:0,&quot;5&quot;:{&quot;1&quot;:2,&quot;2&quot;:0}},{&quot;1&quot;:0,&quot;2&quot;:0,&quot;3&quot;:3},{&quot;1&quot;:1,&quot;2&quot;:0,&quot;4&quot;:1}]},&quot;8&quot;:{&quot;1&quot;:[{&quot;1&quot;:2,&quot;2&quot;:0,&quot;5&quot;:{&quot;1&quot;:2,&quot;2&quot;:0}},{&quot;1&quot;:0,&quot;2&quot;:0,&quot;3&quot;:3},{&quot;1&quot;:1,&quot;2&quot;:0,&quot;4&quot;:1}]},&quot;10&quot;:1,&quot;11&quot;:4,&quot;12&quot;:0,&quot;14&quot;:{&quot;1&quot;:2,&quot;2&quot;:0},&quot;15&quot;:&quot;\\&quot;Helvetica Neue\\&quot;&quot;,&quot;16&quot;:8}\">&#8220;R\u00e1dio Lix\u00e3o&#8221; \u00e9 o segundo \u00e1lbum da Filarm\u00f4nica de Pas\u00e1rgada. Lan\u00e7ado pelo selo Coaxo do Sapo de Guilherme Arantes, conta com produ\u00e7\u00e3o musical de Al\u00ea Siqueira, projeto gr\u00e1fico de Guto Lacaz e participa\u00e7\u00f5es especiais de Tom Z\u00e9, Guilherme Arantes, Kassin e Tat\u00e1 Aeroplano.<br \/>\n<\/span><\/p>\n","protected":false},"featured_media":1226,"template":"","meta":[],"product_brand":[],"product_cat":[49],"product_tag":[],"class_list":{"0":"post-1165","1":"product","2":"type-product","3":"status-publish","4":"has-post-thumbnail","6":"product_cat-disco","7":"product_shipping_class-melhor_envio_dois","8":"has-media","9":"has-thumbnail","11":"first","12":"instock","13":"shipping-taxable","14":"purchasable","15":"product-type-simple"},"_links":{"self":[{"href":"https:\/\/marcelosegreto.com.br\/filarmonicadepasargada\/wp-json\/wp\/v2\/product\/1165","targetHints":{"allow":["GET"]}}],"collection":[{"href":"https:\/\/marcelosegreto.com.br\/filarmonicadepasargada\/wp-json\/wp\/v2\/product"}],"about":[{"href":"https:\/\/marcelosegreto.com.br\/filarmonicadepasargada\/wp-json\/wp\/v2\/types\/product"}],"wp:featuredmedia":[{"embeddable":true,"href":"https:\/\/marcelosegreto.com.br\/filarmonicadepasargada\/wp-json\/wp\/v2\/media\/1226"}],"wp:attachment":[{"href":"https:\/\/marcelosegreto.com.br\/filarmonicadepasargada\/wp-json\/wp\/v2\/media?parent=1165"}],"wp:term":[{"taxonomy":"product_brand","embeddable":true,"href":"https:\/\/marcelosegreto.com.br\/filarmonicadepasargada\/wp-json\/wp\/v2\/product_brand?post=1165"},{"taxonomy":"product_cat","embeddable":true,"href":"https:\/\/marcelosegreto.com.br\/filarmonicadepasargada\/wp-json\/wp\/v2\/product_cat?post=1165"},{"taxonomy":"product_tag","embeddable":true,"href":"https:\/\/marcelosegreto.com.br\/filarmonicadepasargada\/wp-json\/wp\/v2\/product_tag?post=1165"}],"curies":[{"name":"wp","href":"https:\/\/api.w.org\/{rel}","templated":true}]}}