{"id":1173,"date":"2022-07-25T15:36:59","date_gmt":"2022-07-25T18:36:59","guid":{"rendered":"https:\/\/marcelosegreto.com.br\/filarmonicadepasargada\/?post_type=product&#038;p=1173"},"modified":"2024-12-02T19:00:45","modified_gmt":"2024-12-02T22:00:45","slug":"tribunal-do-feicebuque","status":"publish","type":"product","link":"https:\/\/marcelosegreto.com.br\/filarmonicadepasargada\/loja\/produto\/tribunal-do-feicebuque\/","title":{"rendered":"Tribunal do Feicebuqui (vinil)"},"content":{"rendered":"<p><span data-sheets-value=\"{&quot;1&quot;:2,&quot;2&quot;:&quot;Certid\u00e3o de nascimento\\n\\t\\nNasceu aos 22 dias do m\u00eas de abril, sob o signo de In-Touro-Net, o filho do coca-colismo espermatizado pelos amigos do Tom Z\u00e9.\\n\\nNome de batismo: TRIBUNAL DO FEICEBUQUI\\nPadrinhos: Daniel Maia, Emicida, Filarm\u00f4nica de Pas\u00e1rgada, Tat\u00e1 Aeroplano, O Terno e Trupe Ch\u00e1 de Boldo.\\nPaternidade: Marcus Preto\\nParteira: Neusa Martins\\nAssistente: Tania Lopes\\n\\n\\nORDEM NO TRIBUNAL!\\n\\nTendo o Detetive-Chefe Marcus Preto considerado os textos do Tribunal do Feicebuqui literatura consistente para a cria\u00e7\u00e3o de uma nova edi\u00e7\u00e3o de Imprensa Cantada, soube pelo depoimento de Tom Z\u00e9 que este resolvera doar o cach\u00ea do referido an\u00fancio da Coca-Cola \u00e0 banda de m\u00fasica de Irar\u00e1, para uso na Escola de M\u00fasica que ela mant\u00e9m. \\n\\nComo isso n\u00e3o criava impedimento, ele convidou as bandas supracitadas:\\nEmicida,\\nFilarm\u00f4nica de Pas\u00e1rgada,\\nTat\u00e1 Aeroplano,\\nO Terno,\\nTrupe Ch\u00e1 de Boldo,\\n\\npara fazer parceria com os amigos de Tom Z\u00e9 que postaram mensagens no Feicebuqui sobre o an\u00fancio. E come\u00e7aram a nascer as can\u00e7\u00f5es que comporiam um LP (vinil) e um CD a se chamar Tribunal do Feicebuqui.\\n\\n\\nFICHA T\u00c9CNICA\u2028\u2028\\n\\n\u2028Produ\u00e7\u00e3o musical: Marcus Preto\\nCapa: Mallu Magalh\u00e3es\\nGrava\u00e7\u00e3o e mixagem: Daniel Maia\\n\\nGravado em abril de 2013 no est\u00fadio Vale do Sil\u00edcio&quot;}\" data-sheets-userformat=\"{&quot;2&quot;:15293,&quot;3&quot;:{&quot;1&quot;:0},&quot;5&quot;:{&quot;1&quot;:[{&quot;1&quot;:2,&quot;2&quot;:0,&quot;5&quot;:{&quot;1&quot;:2,&quot;2&quot;:0}},{&quot;1&quot;:0,&quot;2&quot;:0,&quot;3&quot;:3},{&quot;1&quot;:1,&quot;2&quot;:0,&quot;4&quot;:1}]},&quot;6&quot;:{&quot;1&quot;:[{&quot;1&quot;:2,&quot;2&quot;:0,&quot;5&quot;:{&quot;1&quot;:2,&quot;2&quot;:0}},{&quot;1&quot;:0,&quot;2&quot;:0,&quot;3&quot;:3},{&quot;1&quot;:1,&quot;2&quot;:0,&quot;4&quot;:1}]},&quot;7&quot;:{&quot;1&quot;:[{&quot;1&quot;:2,&quot;2&quot;:0,&quot;5&quot;:{&quot;1&quot;:2,&quot;2&quot;:0}},{&quot;1&quot;:0,&quot;2&quot;:0,&quot;3&quot;:3},{&quot;1&quot;:1,&quot;2&quot;:0,&quot;4&quot;:1}]},&quot;8&quot;:{&quot;1&quot;:[{&quot;1&quot;:2,&quot;2&quot;:0,&quot;5&quot;:{&quot;1&quot;:2,&quot;2&quot;:0}},{&quot;1&quot;:0,&quot;2&quot;:0,&quot;3&quot;:3},{&quot;1&quot;:1,&quot;2&quot;:0,&quot;4&quot;:1}]},&quot;10&quot;:1,&quot;11&quot;:4,&quot;12&quot;:0,&quot;14&quot;:{&quot;1&quot;:2,&quot;2&quot;:0},&quot;15&quot;:&quot;\\&quot;Helvetica Neue\\&quot;&quot;,&quot;16&quot;:8}\">FICHA T\u00c9CNICA<\/span><\/p>\n<p>Produ\u00e7\u00e3o musical: Marcus Preto<br \/>\nCapa: Mallu Magalh\u00e3es<br \/>\nGrava\u00e7\u00e3o e mixagem: Daniel Maia<\/p>\n<p>Gravado em abril de 2013 no est\u00fadio Vale do Sil\u00edcio<\/p>\n","protected":false},"excerpt":{"rendered":"<p><span data-sheets-value=\"{&quot;1&quot;:2,&quot;2&quot;:&quot;Certid\u00e3o de nascimento\\n\\t\\nNasceu aos 22 dias do m\u00eas de abril, sob o signo de In-Touro-Net, o filho do coca-colismo espermatizado pelos amigos do Tom Z\u00e9.\\n\\nNome de batismo: TRIBUNAL DO FEICEBUQUI\\nPadrinhos: Daniel Maia, Emicida, Filarm\u00f4nica de Pas\u00e1rgada, Tat\u00e1 Aeroplano, O Terno e Trupe Ch\u00e1 de Boldo.\\nPaternidade: Marcus Preto\\nParteira: Neusa Martins\\nAssistente: Tania Lopes\\n\\n\\nORDEM NO TRIBUNAL!\\n\\nTendo o Detetive-Chefe Marcus Preto considerado os textos do Tribunal do Feicebuqui literatura consistente para a cria\u00e7\u00e3o de uma nova edi\u00e7\u00e3o de Imprensa Cantada, soube pelo depoimento de Tom Z\u00e9 que este resolvera doar o cach\u00ea do referido an\u00fancio da Coca-Cola \u00e0 banda de m\u00fasica de Irar\u00e1, para uso na Escola de M\u00fasica que ela mant\u00e9m. \\n\\nComo isso n\u00e3o criava impedimento, ele convidou as bandas supracitadas:\\nEmicida,\\nFilarm\u00f4nica de Pas\u00e1rgada,\\nTat\u00e1 Aeroplano,\\nO Terno,\\nTrupe Ch\u00e1 de Boldo,\\n\\npara fazer parceria com os amigos de Tom Z\u00e9 que postaram mensagens no Feicebuqui sobre o an\u00fancio. E come\u00e7aram a nascer as can\u00e7\u00f5es que comporiam um LP (vinil) e um CD a se chamar Tribunal do Feicebuqui.\\n\\n\\nFICHA T\u00c9CNICA\u2028\u2028\\n\\n\u2028Produ\u00e7\u00e3o musical: Marcus Preto\\nCapa: Mallu Magalh\u00e3es\\nGrava\u00e7\u00e3o e mixagem: Daniel Maia\\n\\nGravado em abril de 2013 no est\u00fadio Vale do Sil\u00edcio&quot;}\" data-sheets-userformat=\"{&quot;2&quot;:15293,&quot;3&quot;:{&quot;1&quot;:0},&quot;5&quot;:{&quot;1&quot;:[{&quot;1&quot;:2,&quot;2&quot;:0,&quot;5&quot;:{&quot;1&quot;:2,&quot;2&quot;:0}},{&quot;1&quot;:0,&quot;2&quot;:0,&quot;3&quot;:3},{&quot;1&quot;:1,&quot;2&quot;:0,&quot;4&quot;:1}]},&quot;6&quot;:{&quot;1&quot;:[{&quot;1&quot;:2,&quot;2&quot;:0,&quot;5&quot;:{&quot;1&quot;:2,&quot;2&quot;:0}},{&quot;1&quot;:0,&quot;2&quot;:0,&quot;3&quot;:3},{&quot;1&quot;:1,&quot;2&quot;:0,&quot;4&quot;:1}]},&quot;7&quot;:{&quot;1&quot;:[{&quot;1&quot;:2,&quot;2&quot;:0,&quot;5&quot;:{&quot;1&quot;:2,&quot;2&quot;:0}},{&quot;1&quot;:0,&quot;2&quot;:0,&quot;3&quot;:3},{&quot;1&quot;:1,&quot;2&quot;:0,&quot;4&quot;:1}]},&quot;8&quot;:{&quot;1&quot;:[{&quot;1&quot;:2,&quot;2&quot;:0,&quot;5&quot;:{&quot;1&quot;:2,&quot;2&quot;:0}},{&quot;1&quot;:0,&quot;2&quot;:0,&quot;3&quot;:3},{&quot;1&quot;:1,&quot;2&quot;:0,&quot;4&quot;:1}]},&quot;10&quot;:1,&quot;11&quot;:4,&quot;12&quot;:0,&quot;14&quot;:{&quot;1&quot;:2,&quot;2&quot;:0},&quot;15&quot;:&quot;\\&quot;Helvetica Neue\\&quot;&quot;,&quot;16&quot;:8}\">Certid\u00e3o de nascimento<\/span><\/p>\n<p>Nasceu aos 22 dias do m\u00eas de abril, sob o signo de In-Touro-Net, o filho do coca-colismo espermatizado pelos amigos do Tom Z\u00e9.<\/p>\n<p>Nome de batismo: TRIBUNAL DO FEICEBUQUI<br \/>\nPadrinhos: Daniel Maia, Emicida, Filarm\u00f4nica de Pas\u00e1rgada, Tat\u00e1 Aeroplano, O Terno e Trupe Ch\u00e1 de Boldo.<br \/>\nPaternidade: Marcus Preto<br \/>\nParteira: Neusa Martins<br \/>\nAssistente: Tania Lopes<\/p>\n<p>ORDEM NO TRIBUNAL!<\/p>\n<p>Tendo o Detetive-Chefe Marcus Preto considerado os textos do Tribunal do Feicebuqui literatura consistente para a cria\u00e7\u00e3o de uma nova edi\u00e7\u00e3o de Imprensa Cantada, soube pelo depoimento de Tom Z\u00e9 que este resolvera doar o cach\u00ea do referido an\u00fancio da Coca-Cola \u00e0 banda de m\u00fasica de Irar\u00e1, para uso na Escola de M\u00fasica que ela mant\u00e9m.<\/p>\n<p>Como isso n\u00e3o criava impedimento, ele convidou as bandas supracitadas:<br \/>\nEmicida,<br \/>\nFilarm\u00f4nica de Pas\u00e1rgada,<br \/>\nTat\u00e1 Aeroplano,<br \/>\nO Terno,<br \/>\nTrupe Ch\u00e1 de Boldo,<\/p>\n<p>para fazer parceria com os amigos de Tom Z\u00e9 que postaram mensagens no Feicebuqui sobre o an\u00fancio. E come\u00e7aram a nascer as can\u00e7\u00f5es que comporiam um LP (vinil) e um CD a se chamar Tribunal do Feicebuqui.<\/p>\n","protected":false},"featured_media":1227,"template":"","meta":[],"product_brand":[],"product_cat":[49],"product_tag":[],"class_list":{"0":"post-1173","1":"product","2":"type-product","3":"status-publish","4":"has-post-thumbnail","6":"product_cat-disco","7":"product_shipping_class-melhor_envio_dois","8":"has-media","9":"has-thumbnail","11":"first","12":"instock","13":"shipping-taxable","14":"purchasable","15":"product-type-simple"},"_links":{"self":[{"href":"https:\/\/marcelosegreto.com.br\/filarmonicadepasargada\/wp-json\/wp\/v2\/product\/1173","targetHints":{"allow":["GET"]}}],"collection":[{"href":"https:\/\/marcelosegreto.com.br\/filarmonicadepasargada\/wp-json\/wp\/v2\/product"}],"about":[{"href":"https:\/\/marcelosegreto.com.br\/filarmonicadepasargada\/wp-json\/wp\/v2\/types\/product"}],"wp:featuredmedia":[{"embeddable":true,"href":"https:\/\/marcelosegreto.com.br\/filarmonicadepasargada\/wp-json\/wp\/v2\/media\/1227"}],"wp:attachment":[{"href":"https:\/\/marcelosegreto.com.br\/filarmonicadepasargada\/wp-json\/wp\/v2\/media?parent=1173"}],"wp:term":[{"taxonomy":"product_brand","embeddable":true,"href":"https:\/\/marcelosegreto.com.br\/filarmonicadepasargada\/wp-json\/wp\/v2\/product_brand?post=1173"},{"taxonomy":"product_cat","embeddable":true,"href":"https:\/\/marcelosegreto.com.br\/filarmonicadepasargada\/wp-json\/wp\/v2\/product_cat?post=1173"},{"taxonomy":"product_tag","embeddable":true,"href":"https:\/\/marcelosegreto.com.br\/filarmonicadepasargada\/wp-json\/wp\/v2\/product_tag?post=1173"}],"curies":[{"name":"wp","href":"https:\/\/api.w.org\/{rel}","templated":true}]}}