{"id":1184,"date":"2022-07-25T15:46:05","date_gmt":"2022-07-25T18:46:05","guid":{"rendered":"https:\/\/marcelosegreto.com.br\/filarmonicadepasargada\/?post_type=product&#038;p=1184"},"modified":"2025-02-26T17:40:09","modified_gmt":"2025-02-26T20:40:09","slug":"pssp","status":"publish","type":"product","link":"https:\/\/marcelosegreto.com.br\/filarmonicadepasargada\/loja\/produto\/pssp\/","title":{"rendered":"PSSP"},"content":{"rendered":"<p><span data-sheets-value=\"{&quot;1&quot;:2,&quot;2&quot;:&quot;\\&quot;PSSP\\&quot; \u00e9 o quarto \u00e1lbum da Filarm\u00f4nica de Pas\u00e1rgada. Inspirado na hist\u00f3ria da cidade de S\u00e3o Paulo, o disco conta com participa\u00e7\u00f5es de Tom Z\u00e9, Barbatuques, M\u00fasica de Montagem, Trupe Ch\u00e1 de Boldo e Escola Mutungo de Capoeira Angola, projeto gr\u00e1fico de Guto Lacaz e lan\u00e7amento pelo selo YB Music.\\n\\n\\nFICHA T\u00c9CNICA\\n\\nIdealiza\u00e7\u00e3o, composi\u00e7\u00e3o, arranjo e produ\u00e7\u00e3o musical: Marcelo Segreto \\nEdi\u00e7\u00e3o: Lucas Bigas e Marcelo Segreto \\nMixagem e masteriza\u00e7\u00e3o: Carlos \u201cCac\u00e1\u201d Lima\\nProjeto gr\u00e1fico: Guto Lacaz\\nProdu\u00e7\u00e3o gr\u00e1fica: Edson Kumasaka\\nP\u00f4ster: Olho da rua, s\u00e9rie de Guto Lacaz e Celso Gitahy, 2015\\nProdu\u00e7\u00e3o executiva: Marcelo Segreto\\nLan\u00e7amento: Selo YB Music\\n\\nGravado na Gravadora Experimental, Tatu\u00ed-SP, entre 26 de fevereiro e 14 de mar\u00e7o de 2020&quot;}\" data-sheets-userformat=\"{&quot;2&quot;:15293,&quot;3&quot;:{&quot;1&quot;:0},&quot;5&quot;:{&quot;1&quot;:[{&quot;1&quot;:2,&quot;2&quot;:0,&quot;5&quot;:{&quot;1&quot;:2,&quot;2&quot;:0}},{&quot;1&quot;:0,&quot;2&quot;:0,&quot;3&quot;:3},{&quot;1&quot;:1,&quot;2&quot;:0,&quot;4&quot;:1}]},&quot;6&quot;:{&quot;1&quot;:[{&quot;1&quot;:2,&quot;2&quot;:0,&quot;5&quot;:{&quot;1&quot;:2,&quot;2&quot;:0}},{&quot;1&quot;:0,&quot;2&quot;:0,&quot;3&quot;:3},{&quot;1&quot;:1,&quot;2&quot;:0,&quot;4&quot;:1}]},&quot;7&quot;:{&quot;1&quot;:[{&quot;1&quot;:2,&quot;2&quot;:0,&quot;5&quot;:{&quot;1&quot;:2,&quot;2&quot;:0}},{&quot;1&quot;:0,&quot;2&quot;:0,&quot;3&quot;:3},{&quot;1&quot;:1,&quot;2&quot;:0,&quot;4&quot;:1}]},&quot;8&quot;:{&quot;1&quot;:[{&quot;1&quot;:2,&quot;2&quot;:0,&quot;5&quot;:{&quot;1&quot;:2,&quot;2&quot;:0}},{&quot;1&quot;:0,&quot;2&quot;:0,&quot;3&quot;:3},{&quot;1&quot;:1,&quot;2&quot;:0,&quot;4&quot;:1}]},&quot;10&quot;:1,&quot;11&quot;:4,&quot;12&quot;:0,&quot;14&quot;:{&quot;1&quot;:2,&quot;2&quot;:0},&quot;15&quot;:&quot;\\&quot;Helvetica Neue\\&quot;&quot;,&quot;16&quot;:8}\">FICHA T\u00c9CNICA<\/span><\/p>\n<p>Idealiza\u00e7\u00e3o, composi\u00e7\u00e3o, arranjo e produ\u00e7\u00e3o musical: Marcelo Segreto<br \/>\nEdi\u00e7\u00e3o: Lucas Bigas e Marcelo Segreto<br \/>\nMixagem e masteriza\u00e7\u00e3o: Carlos \u201cCac\u00e1\u201d Lima<br \/>\nProjeto gr\u00e1fico: Guto Lacaz<br \/>\nProdu\u00e7\u00e3o gr\u00e1fica: Edson Kumasaka<br \/>\nP\u00f4ster: Olho da rua, s\u00e9rie de Guto Lacaz e Celso Gitahy, 2015<br \/>\nProdu\u00e7\u00e3o executiva: Marcelo Segreto<br \/>\nLan\u00e7amento: Selo YB Music<\/p>\n<p>Gravado na Gravadora Experimental, Tatu\u00ed-SP, entre 26 de fevereiro e 14 de mar\u00e7o de 2020<\/p>\n","protected":false},"excerpt":{"rendered":"<p><span data-sheets-value=\"{&quot;1&quot;:2,&quot;2&quot;:&quot;\\&quot;PSSP\\&quot; \u00e9 o quarto \u00e1lbum da Filarm\u00f4nica de Pas\u00e1rgada. Inspirado na hist\u00f3ria da cidade de S\u00e3o Paulo, o disco conta com participa\u00e7\u00f5es de Tom Z\u00e9, Barbatuques, M\u00fasica de Montagem, Trupe Ch\u00e1 de Boldo e Escola Mutungo de Capoeira Angola, projeto gr\u00e1fico de Guto Lacaz e lan\u00e7amento pelo selo YB Music.\\n\\n\\nFICHA T\u00c9CNICA\\n\\nIdealiza\u00e7\u00e3o, composi\u00e7\u00e3o, arranjo e produ\u00e7\u00e3o musical: Marcelo Segreto \\nEdi\u00e7\u00e3o: Lucas Bigas e Marcelo Segreto \\nMixagem e masteriza\u00e7\u00e3o: Carlos \u201cCac\u00e1\u201d Lima\\nProjeto gr\u00e1fico: Guto Lacaz\\nProdu\u00e7\u00e3o gr\u00e1fica: Edson Kumasaka\\nP\u00f4ster: Olho da rua, s\u00e9rie de Guto Lacaz e Celso Gitahy, 2015\\nProdu\u00e7\u00e3o executiva: Marcelo Segreto\\nLan\u00e7amento: Selo YB Music\\n\\nGravado na Gravadora Experimental, Tatu\u00ed-SP, entre 26 de fevereiro e 14 de mar\u00e7o de 2020&quot;}\" data-sheets-userformat=\"{&quot;2&quot;:15293,&quot;3&quot;:{&quot;1&quot;:0},&quot;5&quot;:{&quot;1&quot;:[{&quot;1&quot;:2,&quot;2&quot;:0,&quot;5&quot;:{&quot;1&quot;:2,&quot;2&quot;:0}},{&quot;1&quot;:0,&quot;2&quot;:0,&quot;3&quot;:3},{&quot;1&quot;:1,&quot;2&quot;:0,&quot;4&quot;:1}]},&quot;6&quot;:{&quot;1&quot;:[{&quot;1&quot;:2,&quot;2&quot;:0,&quot;5&quot;:{&quot;1&quot;:2,&quot;2&quot;:0}},{&quot;1&quot;:0,&quot;2&quot;:0,&quot;3&quot;:3},{&quot;1&quot;:1,&quot;2&quot;:0,&quot;4&quot;:1}]},&quot;7&quot;:{&quot;1&quot;:[{&quot;1&quot;:2,&quot;2&quot;:0,&quot;5&quot;:{&quot;1&quot;:2,&quot;2&quot;:0}},{&quot;1&quot;:0,&quot;2&quot;:0,&quot;3&quot;:3},{&quot;1&quot;:1,&quot;2&quot;:0,&quot;4&quot;:1}]},&quot;8&quot;:{&quot;1&quot;:[{&quot;1&quot;:2,&quot;2&quot;:0,&quot;5&quot;:{&quot;1&quot;:2,&quot;2&quot;:0}},{&quot;1&quot;:0,&quot;2&quot;:0,&quot;3&quot;:3},{&quot;1&quot;:1,&quot;2&quot;:0,&quot;4&quot;:1}]},&quot;10&quot;:1,&quot;11&quot;:4,&quot;12&quot;:0,&quot;14&quot;:{&quot;1&quot;:2,&quot;2&quot;:0},&quot;15&quot;:&quot;\\&quot;Helvetica Neue\\&quot;&quot;,&quot;16&quot;:8}\">&#8220;PSSP&#8221; \u00e9 o quarto \u00e1lbum da Filarm\u00f4nica de Pas\u00e1rgada. Inspirado na hist\u00f3ria da cidade de S\u00e3o Paulo, o disco conta com participa\u00e7\u00f5es de Tom Z\u00e9, Barbatuques, M\u00fasica de Montagem, Trupe Ch\u00e1 de Boldo e Escola Mutungo de Capoeira Angola, projeto gr\u00e1fico de Guto Lacaz e lan\u00e7amento pelo selo YB Music.<br \/>\n<\/span><\/p>\n","protected":false},"featured_media":1225,"template":"","meta":[],"product_brand":[],"product_cat":[49],"product_tag":[],"class_list":{"0":"post-1184","1":"product","2":"type-product","3":"status-publish","4":"has-post-thumbnail","6":"product_cat-disco","7":"product_shipping_class-melhor_envio_dois","8":"has-media","9":"has-thumbnail","11":"first","12":"instock","13":"shipping-taxable","14":"purchasable","15":"product-type-simple"},"_links":{"self":[{"href":"https:\/\/marcelosegreto.com.br\/filarmonicadepasargada\/wp-json\/wp\/v2\/product\/1184","targetHints":{"allow":["GET"]}}],"collection":[{"href":"https:\/\/marcelosegreto.com.br\/filarmonicadepasargada\/wp-json\/wp\/v2\/product"}],"about":[{"href":"https:\/\/marcelosegreto.com.br\/filarmonicadepasargada\/wp-json\/wp\/v2\/types\/product"}],"wp:featuredmedia":[{"embeddable":true,"href":"https:\/\/marcelosegreto.com.br\/filarmonicadepasargada\/wp-json\/wp\/v2\/media\/1225"}],"wp:attachment":[{"href":"https:\/\/marcelosegreto.com.br\/filarmonicadepasargada\/wp-json\/wp\/v2\/media?parent=1184"}],"wp:term":[{"taxonomy":"product_brand","embeddable":true,"href":"https:\/\/marcelosegreto.com.br\/filarmonicadepasargada\/wp-json\/wp\/v2\/product_brand?post=1184"},{"taxonomy":"product_cat","embeddable":true,"href":"https:\/\/marcelosegreto.com.br\/filarmonicadepasargada\/wp-json\/wp\/v2\/product_cat?post=1184"},{"taxonomy":"product_tag","embeddable":true,"href":"https:\/\/marcelosegreto.com.br\/filarmonicadepasargada\/wp-json\/wp\/v2\/product_tag?post=1184"}],"curies":[{"name":"wp","href":"https:\/\/api.w.org\/{rel}","templated":true}]}}